igit of 1416215442?
4
What is the ten thousands digit of 1741880817?
8
What is the hundred thousands digit of 184497146?
4
What is the ten millions digit of 995367408?
9
What is the units digit of 19517400?
0
What is the millions digit of 1771612099?
1
What is the ten millions digit of 128608273?
2
What is the hundred millions digit of 394788043?
3
What is the hundred thousands digit of 2449736171?
7
What is the hundreds digit of 418003332?
3
What is the units digit of 1851574187?
7
What is the tens digit of 414703206?
0
What is the hundreds digit of 6076821748?
7
What is the ten millions digit of 6035162889?
3
What is the hundreds digit of 3536846?
8
What is the millions digit of 61727099?
1
What is the hundred millions digit of 188470796?
1
What is the hundred thousands digit of 122026907?
0
What is the millions digit of 427438233?
7
What is the ten thousands digit of 23996021?
9
What is the millions digit of 131731820?
1
What is the ten millions digit of 5058798753?
5
What is the billions digit of 4252335487?
4
What is the ten millions digit of 1101663806?
0
What is the units digit of 571522903?
3
What is the hundred thousands digit of 156806452?
8
What is the hundred thousands digit of 255779034?
7
What is the hundred thousands digit of 159597230?
5
What is the millions digit of 109089957?
9
What is the hundred thousands digit of 119114516?
1
What is the ten millions digit of 2556038416?
5
What is the millions digit of 1177754258?
7
What is the hundreds digit of 36085949?
9
What is the tens digit of 206167256?
5
What is the ten thousands digit of 523297297?
9
What is the hundreds digit of 6575146578?
5
What is the ten millions digit of 1898005692?
9
What is the millions digit of 109887595?
9
What is the tens digit of 119754876?
7
What is the millions digit of 54006290?
4
What is the hundred millions digit of 165695007?
1
What is the hundred thousands digit of 830400424?
4
What is the thousands digit of 471410914?
0
What is the ten millions digit of 515842948?
1
What is the ten thousands digit of 338566552?
6
What is the units digit of 47327166?
6
What is the hundred thousands digit of 150636142?
6
What is the millions digit of 2473772481?
3
What is the ten millions digit of 20487223?
2
What is the ten thousands digit of 141754434?
5
What is the ten millions digit of 61059889?
6
What is the ten millions digit of 192546423?
9
What is the units digit of 58807687?
7
What is the ten millions digit of 82775800?
8
What is the hundreds digit of 5664287587?
5
What is the millions digit of 97284780?
7
What is the ten millions digit of 244749196?
4
What is the hundred thousands digit of 14146613?
1
What is the hundreds digit of 43422545?
5
What is the ten thousands digit of 63718773?
1
What is the hundred thousands digit of 488432850?
4
What is the ten thousands digit of 1036241424?
4
What is the hundreds digit of 1459716?
7
What is the tens digit of 9705380?
8
What is the tens digit of 223881287?
8
What is the ten millions digit of 453389269?
5
What is the millions digit of 45470750?
5
What is the thousands digit of 4213640?
3
What is the hundreds digit of 89239805?
8
What is the tens digit of 198260309?
0
What is the thousands digit of 8290013?
0
What is the hundred millions digit of 272087589?
2
What is the units digit of 127810769?
9
What is the tens digit of 393104935?
3
What is the millions digit of 22136848?
2
What is the thousands digit of 30981855?
1
What is the tens digit of 179018593?
9
What is the hundreds digit of 2733516842?
8
What is the millions digit of 45097893?
5
What is the hundred thousands digit of 673668203?
6
What is the ten millions digit of 142168939?
4
What is the millions digit of 15965193?
5
What is the tens digit of 2822386145?
4
What is the hundred thousands digit of 4319573183?
5
What is the hundreds digit of 40440660?
6
What is the units digit of 395895861?
1
What is the millions digit of 91664527?
1
What is the ten thousands digit of 64226140?
2
What is the hundred millions digit of 2063675880?
0
What is the ten thousands digit of 113427200?
2
What is the ten millions digit of 115436162?
1
What is the millions digit of 391429749?
1
What is the units digit of 2140048324?
4
What is the thousands digit of 852976971?
6
What is the units digit of 3749748031?
1
What is the hundreds digit of 376043002?
0
What is the tens digit of 328124938?
3
What is the hundred thousands digit of 138547812?
5
What is the tens digit of 1000539983?
8
What is the units digit of 3824806789?
9
What is the hundred millions digit of 587153279?
5
What is the hundred thousands digit of 93144243?
1
What is the tens digit of 1291230515?
1
What is the hundred thousands digit of 1121175646?
1
What is the thousands digit of 751837179?
7
What is the units digit of 2348948929?
9
What is the hundreds digit of 438521538?
5
What is the ten thousands digit of 295388659?
8
What is the hundred millions digit of 182561731?
1
What is the millions digit of 15980270?
5
What is the hundred millions digit of 563770456?
5
What is the millions digit of 384570001?
4
What is the tens digit of 1849715610?
1
What is the hundreds digit of 32560591?
5
What is the ten millions digit of 96191486?
9
What is the hundreds digit of 408835536?
5
What is the hundred thousands digit of 169644884?
6
What is the tens digit of 133183151?
5
What is the millions digit of 1612801152?
2
What is the ten millions digit of 48292821?
4
What is the thousands digit of 2255746964?
6
What is the hundred thousands digit of 109782941?
7
What is the ten thousands digit of 559453591?
5
What is the units digit of 1045242837?
7
What is the hundred thousands digit of 43163276?
1
What is the ten thousands digit of 808127128?
2
What is the hundred millions digit of 130761646?
1
What is the hundred millions digit of 222589464?
2
What is the tens digit of 2114683831?
3
What is the millions digit of 566628664?
6
What is the hundreds digit of 124540434?
4
What is the units digit of 116659747?
7
What is the ten thousands digit of 294971288?
7
What is the units digit of 310083826?
6
What is the thousands digit of 76680174?
0
What is the thousands digit of 2345757746?
7
What is the ten thousands digit of 1546880119?
8
What is the ten thousands digit of 4444485630?
8
What is the thousands digit of 162451723?
1
What is the millions digit of 71866520?
1
What is the hundreds digit of 137674136?
1
What is the thousands digit of 511125612?
5
What is the ten thousands digit of 929231082?
3
What is the hundred thousands digit of 48460159?
4
What is the units digit of 20889610?
0
What is the hundred millions digit of 3821424121?
8
What is the hundreds digit of 45087290?
2
What is the ten thousands digit of 20063945?
6
What is the millions digit of 180133600?
0
What is the hundreds digit of 48504159?
1
What is the hundred thousands digit of 1784011830?
0
What is the hundred millions digit of 2355730662?
3
What is the hundred thousands digit of 411157204?
1
What is the millions digit of 1532758322?
2
What is the ten thousands digit of 2753197355?
9
What is the thousands digit of 37609024?
9
What is the hundred thousands digit of 28324977?
3
What is the tens digit of 20957851?
5
What is the hundreds digit of 69172985?
9
What is the ten millions digit of 981116424?
8
What is the millions digit of 803518583?
3
What is the units digit of 1233674347?
7
What is the ten thousands digit of 2616965656?
6
What is the hundreds digit of 2072073559?
5
What is the units digit of 324239833?
3
What is the hundred millions digit of 6659883336?
6
What is the thousands digit of 9325419?
5
What is the units digit of 786094695?
5
What is the hundreds digit of 1265542778?
7
What is the millions digit of 24252294?
4
What is the units digit of 9361374?
4
What is the hundred thousands digit of 51394764?
3
What is the hundred millions digit of 133413732?
1
What is the ten thousands digit of 1217226547?
2
What is the hundred millions digit of 649166943?
6
What is the ten thousands digit of 130210197?
1
What is the ten millions digit of 275485865?
7
What is the ten thousands digit of 212793404?
9
What is the ten millions digit of 80530638?
8
What is the tens digit of 2144992884?
8
What is the thousands digit of 319510611?
0
What is the hundred tho